mainder when 9168 is divided by 436?
12
Calculate the remainder when 6161 is divided by 257.
250
What is the remainder when 223 is divided by 149?
74
Calculate the remainder when 55 is divided by 20.
15
What is the remainder when 2419 is divided by 10?
9
Calculate the remainder when 4209 is divided by 29.
4
Calculate the remainder when 23827 is divided by 161.
160
What is the remainder when 34 is divided by 9?
7
Calculate the remainder when 23994 is divided by 34.
24
Calculate the remainder when 2945 is divided by 734.
9
Calculate the remainder when 152 is divided by 103.
49
What is the remainder when 7655 is divided by 174?
173
Calculate the remainder when 166 is divided by 6.
4
Calculate the remainder when 694 is divided by 117.
109
What is the remainder when 674 is divided by 114?
104
What is the remainder when 208 is divided by 80?
48
Calculate the remainder when 492 is divided by 235.
22
Calculate the remainder when 397 is divided by 81.
73
Calculate the remainder when 1612 is divided by 46.
2
Calculate the remainder when 212 is divided by 24.
20
Calculate the remainder when 778 is divided by 60.
58
Calculate the remainder when 853 is divided by 26.
21
What is the remainder when 104 is divided by 41?
22
What is the remainder when 274 is divided by 93?
88
Calculate the remainder when 2063 is divided by 48.
47
What is the remainder when 206 is divided by 15?
11
Calculate the remainder when 340 is divided by 164.
12
Calculate the remainder when 57 is divided by 16.
9
Calculate the remainder when 83 is divided by 21.
20
Calculate the remainder when 2098 is divided by 75.
73
Calculate the remainder when 3735 is divided by 931.
11
Calculate the remainder when 7073 is divided by 6.
5
Calculate the remainder when 5129 is divided by 34.
29
What is the remainder when 790 is divided by 163?
138
What is the remainder when 945 is divided by 192?
177
What is the remainder when 896 is divided by 233?
197
What is the remainder when 359 is divided by 113?
20
Calculate the remainder when 245 is divided by 148.
97
What is the remainder when 770 is divided by 140?
70
Calculate the remainder when 73 is divided by 3.
1
Calculate the remainder when 989 is divided by 5.
4
What is the remainder when 875 is divided by 36?
11
Calculate the remainder when 6904 is divided by 329.
324
Calculate the remainder when 3013 is divided by 1001.
10
What is the remainder when 11 is divided by 8?
3
Calculate the remainder when 1686 is divided by 559.
9
What is the remainder when 443 is divided by 149?
145
Calculate the remainder when 163 is divided by 135.
28
What is the remainder when 103 is divided by 21?
19
What is the remainder when 478 is divided by 163?
152
What is the remainder when 216 is divided by 7?
6
Calculate the remainder when 657 is divided by 27.
9
Calculate the remainder when 734 is divided by 92.
90
What is the remainder when 37 is divided by 5?
2
Calculate the remainder when 247 is divided by 14.
9
What is the remainder when 237 is divided by 87?
63
Calculate the remainder when 9995 is divided by 9.
5
What is the remainder when 93 is divided by 76?
17
What is the remainder when 1267 is divided by 161?
140
Calculate the remainder when 49 is divided by 28.
21
Calculate the remainder when 586 is divided by 21.
19
What is the remainder when 8 is divided by 2?
0
Calculate the remainder when 515 is divided by 250.
15
What is the remainder when 344 is divided by 33?
14
What is the remainder when 1070 is divided by 335?
65
Calculate the remainder when 134 is divided by 82.
52
What is the remainder when 528 is divided by 9?
6
What is the remainder when 277 is divided by 9?
7
Calculate the remainder when 221 is divided by 16.
13
What is the remainder when 435 is divided by 211?
13
Calculate the remainder when 254 is divided by 15.
14
Calculate the remainder when 17680 is divided by 14.
12
What is the remainder when 754 is divided by 106?
12
What is the remainder when 160 is divided by 42?
34
What is the remainder when 130 is divided by 33?
31
Calculate the remainder when 397 is divided by 91.
33
What is the remainder when 133 is divided by 107?
26
What is the remainder when 104 is divided by 43?
18
What is the remainder when 514 is divided by 14?
10
Calculate the remainder when 1787 is divided by 25.
12
Calculate the remainder when 49 is divided by 25.
24
What is the remainder when 285 is divided by 43?
27
Calculate the remainder when 1665 is divided by 24.
9
Calculate the remainder when 259 is divided by 11.
6
What is the remainder when 89 is divided by 43?
3
Calculate the remainder when 288 is divided by 10.
8
What is the remainder when 82 is divided by 5?
2
What is the remainder when 42 is divided by 23?
19
Calculate the remainder when 205 is divided by 118.
87
What is the remainder when 5742 is divided by 170?
132
Calculate the remainder when 6239 is divided by 65.
64
What is the remainder when 93 is divided by 48?
45
What is the remainder when 1513 is divided by 498?
19
What is the remainder when 391 is divided by 56?
55
Calculate the remainder when 1089 is divided by 84.
81
Calculate the remainder when 855 is divided by 122.
1
Calculate the remainder when 2082 is divided by 176.
146
What is the remainder when 96 is divided by 51?
45
Calculate the remainder when 495 is divided by 10.
5
Calculate the remainder when 842 is divided by 168.
2
What is the remainder when 34658 is divided by 17?
12
Calculate the remainder when 562 is divided by 88.
34
What is the remainder when 1492 is divided by 65?
62
Calculate the remainder when 50 is divided by 19.
12
What is the remainder when 634 is divided by 53?
51
What is the remainder when 1867 is divided by 590?
97
What is the remainder when 1340 is divided by 42?
38
Calculate the remainder when 62 is divided by 16.
14
Calculate the remainder when 258 is divided by 98.
62
Calculate the remainder when 70 is divided by 12.
10
Calculate the remainder when 340 is divided by 6.
4
What is the remainder when 605 is divided by 38?
35
Calculate the remainder when 146 is divided by 21.
20
What is the remainder when 78 is divided by 21?
15
Calculate the remainder when 721 is divided by 28.
21
Calculate the remainder when 75 is divided by 16.
11
What is the remainder when 2822 is divided by 81?
68
Calculate the remainder when 92 is divided by 3.
2
What is the remainder when 441 is divided by 13?
12
What is the remainder when 163 is divided by 5?
3
Calculate the remainder when 420 is divided by 415.
5
Calculate the remainder when 20929 is divided by 26.
25
What is the remainder when 17 is divided by 8?
1
What is the remainder when 414 is divided by 128?
30
Calculate the remainder when 735 is divided by 241.
12
What is the remainder when 549 is divided by 35?
24
What is the remainder when 375 is divided by 42?
39
Calculate the remainder when 700 is divided by 79.
68
Calculate the remainder when 844 is divided by 177.
136
What is the remainder when 188 is divided by 48?
44
Calculate the remainder when 160 is divided by 43.
31
Calculate the remainder when 173 is divided by 98.
75
What is the remainder when 47 is divided by 26?
21
Calculate the remainder when 2321 is divided by 48.
17
Calculate the remainder when 254 is divided by 122.
10
What is the remainder when 1060 is divided by 65?
20
Calculate the remainder when 238 is divided by 121.
117
What is the remainder when 318 is divided by 80?
78
Calculate the remainder when 22 is divided by 16.
6
Calculate the remainder when 299 is divided by 30.
29
What is the remainder when 162 is divided by 53?
3
What is the remainder when 3895 is divided by 973?
3
What is the remainder when 846 is divided by 10?
6
What is the remainder when 60 is divided by 12?
0
What is the remainder when 15 is divided by 2?
1
Calculate the remainder when 23687 is divided by 84.
83
Calculate the remainder when 350 is divided by 13.
12
Calculate the remainder when 18406 is divided by 17.
12
What is the remainder when 80 is divided by 20?
0
Calculate the remainder when 245 is divided by 19.
17
What is the remainder when 112 is divided by 47?
18
What is the remainder when 222 is divided by 57?
51
What is the remainder when 726 is divided by 358?
10
Calculate the remainder when 67 is divided by 27.
13
Calculate the rema